{"id":1859,"date":"2017-05-10T06:35:44","date_gmt":"2017-05-10T05:35:44","guid":{"rendered":"http:\/\/www.frau-shanti.de\/?page_id=1859"},"modified":"2026-01-17T10:10:26","modified_gmt":"2026-01-17T09:10:26","slug":"spirituelles-coaching","status":"publish","type":"page","link":"https:\/\/www.frau-shanti.de\/?page_id=1859","title":{"rendered":"Soulcare-Mentoring"},"content":{"rendered":"<h2><span style=\"color: #ff00ff;\">Soulcare-Mentoring<br \/>\n<\/span><\/h2>\n<p>In einem Seelen-Coaching stehst du im Mittelpunkt. Gemeinsam schauen wir deine pers\u00f6nlichen Lebensthemen\/Fragen\/Herausforderungen an und bringen Licht ins Dunkel.<br \/>\nJe nach Thema gibt es nach dem Gespr\u00e4ch auf Wunsch eine angeleitete Meditation, Atem\u00fcbung, Mantra, Asana<br \/>\noder eine andere Hilfestellung, um deinem Wunsch oder Ziel n\u00e4her zu kommen.<\/p>\n<p>Bei welcher Lebensfrage darf ich dich unterst\u00fctzen?<br \/>\nBeziehungsfragen, Ersch\u00f6pfung, Berufswechsel, \u00c4ngste, fehlender Mut&#8230;..alles ist menschlich.<\/p>\n<p>Im Jahrescoaching gehen wir deinen Blockaden aud den Grund und umarmen alles Ungeliebte,<br \/>\nGeheimnisvolle, Sehns\u00fcchtige. Wir wandeln Schritt f\u00fcr Schritt das Gef\u00fchl des Mangels und des Unvollst\u00e4ndigseins\u00a0 in eine Erlaubnis der inneren F\u00fclle, Wahrhaftigkeit und die Verk\u00f6rperung der g\u00f6ttlichen sch\u00f6pferischen Kraft.<\/p>\n<p>Bist du bereit zu dir und deinem inneren Frieden heimzukehren?<\/p>\n<p><strong>Angebote:<\/strong><br \/>\n3-Monats-Seelenmentoring &#8211; w\u00f6chentlich oder monatlich-\u00a0 NICHT MEHR VERF\u00dcGBAR<br \/>\n6- Monats- Seeelenmentoring &#8211; w\u00f6chentlich oder monatlich- NICHT MEHR VERF\u00dcGBAR<br \/>\n12- Monats-Seelenmentoring &#8211; w\u00f6chentlich oder monatlich- noch 2 Pl\u00e4tze frei<br \/>\nPaket-Preis auf Anfrage<\/p>\n<p>Terminvereinbarung oder Gutscheine unter <a href=\"mailto:info@frau-shanti.de\" target=\"_blank\" rel=\"noopener noreferrer\"> info@frau-shanti.de<\/a><\/p>\n<p>In der Natur, telefonisch, via Zoom oder bei Frau Shanti in Merdingen.<\/p>\n<p>Die Honorare sind g\u00fcltig bei Terminen in Merdingen bei Freiburg.<br \/>\nAu\u00dferhalb von Merdingen gelten die Preise zzgl. einer Anfahrtspauschale.<\/p>\n<h5><\/h5>\n","protected":false},"excerpt":{"rendered":"<p>Soulcare-Mentoring In einem Seelen-Coaching stehst du im Mittelpunkt. Gemeinsam schauen wir deine pers\u00f6nlichen Lebensthemen\/Fragen\/Herausforderungen an und bringen Licht ins Dunkel. Je nach Thema gibt es nach dem Gespr\u00e4ch auf Wunsch eine angeleitete Meditation, Atem\u00fcbung, Mantra, Asana oder eine andere Hilfestellung, um deinem Wunsch oder Ziel n\u00e4her zu kommen. Bei welcher Lebensfrage darf ich dich unterst\u00fctzen? Beziehungsfragen, Ersch\u00f6pfung, Berufswechsel, \u00c4ngste, fehlender [&hellip;]<\/p>\n","protected":false},"author":1,"featured_media":0,"parent":977,"menu_order":2,"comment_status":"open","ping_status":"open","template":"","meta":[],"_links":{"self":[{"href":"https:\/\/www.frau-shanti.de\/index.php?rest_route=\/wp\/v2\/pages\/1859"}],"collection":[{"href":"https:\/\/www.frau-shanti.de\/index.php?rest_route=\/wp\/v2\/pages"}],"about":[{"href":"https:\/\/www.frau-shanti.de\/index.php?rest_route=\/wp\/v2\/types\/page"}],"author":[{"embeddable":true,"href":"https:\/\/www.frau-shanti.de\/index.php?rest_route=\/wp\/v2\/users\/1"}],"replies":[{"embeddable":true,"href":"https:\/\/www.frau-shanti.de\/index.php?rest_route=%2Fwp%2Fv2%2Fcomments&post=1859"}],"version-history":[{"count":19,"href":"https:\/\/www.frau-shanti.de\/index.php?rest_route=\/wp\/v2\/pages\/1859\/revisions"}],"predecessor-version":[{"id":3775,"href":"https:\/\/www.frau-shanti.de\/index.php?rest_route=\/wp\/v2\/pages\/1859\/revisions\/3775"}],"up":[{"embeddable":true,"href":"https:\/\/www.frau-shanti.de\/index.php?rest_route=\/wp\/v2\/pages\/977"}],"wp:attachment":[{"href":"https:\/\/www.frau-shanti.de\/index.php?rest_route=%2Fwp%2Fv2%2Fmedia&parent=1859"}],"curies":[{"name":"wp","href":"https:\/\/api.w.org\/{rel}","templated":true}]}}