{"id":2343,"date":"2020-03-17T08:56:44","date_gmt":"2020-03-17T07:56:44","guid":{"rendered":"https:\/\/www.frau-shanti.de\/?page_id=2343"},"modified":"2025-11-26T15:21:47","modified_gmt":"2025-11-26T14:21:47","slug":"online-yoga","status":"publish","type":"page","link":"https:\/\/www.frau-shanti.de\/?page_id=2343","title":{"rendered":"Online-Yoga"},"content":{"rendered":"\n<h3><strong>Yogakurse bei dir im Wohnzimmer oder im Home-Office. <\/strong><br>Alle Online Kurse finden via Zoom statt. <\/h3>\n\n\n\n<p><\/p>\n\n\n\n<p class=\"has-medium-font-size\"><em>STRESS AD\u00c8- Yoga f\u00fcr das Zentrale Nervensystem<\/em><br><\/p>\n\n\n\n<p><strong>Stress-Ad\u00e9 Yoga ONLINE&nbsp;&#8211;&nbsp;<\/strong>dem Vorweihnachtstrubel entgegenwirken und das Nervensystem beruhigen&nbsp;<\/p>\n\n\n\n<p>keine Vorkenntnisse n\u00f6tig, sehr sanfte \u00dcbungen<\/p>\n\n\n\n<p><strong>Donnerstags&nbsp;&nbsp;18.30 &#8211; 19.30&nbsp;Uhr&nbsp;<\/strong><\/p>\n\n\n\n<p>Start:&nbsp;4. Dezember 2026<\/p>\n\n\n\n<p>4 Termine im Dezember<\/p>\n\n\n\n<p>via Zom, inkl. Aufzeichnungen<\/p>\n\n\n\n<p><br><br>Ausgleich: 80 \u20ac inklusive 4 Aufzeichnungen (je 2 Wochen g\u00fcltig)<br><\/p>\n\n\n\n<p>Beschreibung:<br>Stress ad\u00e9 ist eine neu konzipierte Yogaeinheit mit viel Achtsamkeit &amp; Sensibilit\u00e4t.<br>Im Fokus steht die verfeinerte K\u00f6rperwahrnehmung sowie eine Beruhigung des Zentralen Nervensystems.<br>Du erlernst spezielle \u00dcbungen, die der Entspannung des Vagusnerves dienen<br>und das Parasympathische Nervensystem regulieren.<\/p>\n\n\n\n<p>Dieser Kurs unterst\u00fctzt dich dabei k\u00f6rperlichen und mentalen Stress abzubauen,<br>deine Stressresilienz zu st\u00e4rken und dich wieder mehr zu sp\u00fcren.<br>F\u00fcr Einsteiger &amp; Ge\u00fcbte geeignet.<br><br>Melde dich umgehend unter  <a rel=\"noreferrer noopener\" aria-label=\"info@frau-shanti.de  (\u00f6ffnet in neuem Tab)\" href=\"mailto:info@frau-shanti.de\" target=\"_blank\">info@frau-shanti.de <\/a>an.<\/p>\n\n\n\n<p>*****<\/p>\n\n\n\n<p><\/p>\n\n\n\n<p><\/p>\n\n\n\n<p class=\"has-medium-font-size\"><\/p>\n\n\n\n<p><\/p>\n\n\n\n<figure class=\"wp-block-image\"><img src=\"https:\/\/mail.google.com\/mail\/e\/2764\" alt=\"\u2764\"\/><\/figure>\n\n\n\n<figure class=\"wp-block-image\"><img src=\"https:\/\/mail.google.com\/mail\/e\/2764\" alt=\"\u2764\"\/><\/figure>\n\n\n\n<p><strong>M\u00f6chtest du lieber eine individuelle Einzelstunde buchen?<\/strong><br>Ben\u00f6tigst du Hilfestellung bei einem k\u00f6rperlichen oder emotionalen Thema?<br><br>Dann melde dich gerne und vereinbare deinen pers\u00f6nlichen Termin.<br>Inklusive \u00dcbungsplan f\u00fcr deine Eigenpraxis.<br>Mehr Infos <a href=\"https:\/\/www.frau-shanti.de\/?page_id=982\">hier<\/a><br><strong>Einzelunterricht ist auch via Zoom-Meeting m\u00f6glich. <\/strong><br><\/p>\n","protected":false},"excerpt":{"rendered":"<p>Yogakurse bei dir im Wohnzimmer oder im Home-Office. Alle Online Kurse finden via Zoom statt. STRESS AD\u00c8- Yoga f\u00fcr das Zentrale Nervensystem Stress-Ad\u00e9 Yoga ONLINE&nbsp;&#8211;&nbsp;dem Vorweihnachtstrubel entgegenwirken und das Nervensystem beruhigen&nbsp; keine Vorkenntnisse n\u00f6tig, sehr sanfte \u00dcbungen Donnerstags&nbsp;&nbsp;18.30 &#8211; 19.30&nbsp;Uhr&nbsp; Start:&nbsp;4. Dezember 2026 4 Termine im Dezember via Zom, inkl. Aufzeichnungen Ausgleich: 80 \u20ac inklusive 4 Aufzeichnungen (je 2 Wochen [&hellip;]<\/p>\n","protected":false},"author":1,"featured_media":0,"parent":0,"menu_order":0,"comment_status":"closed","ping_status":"closed","template":"","meta":[],"_links":{"self":[{"href":"https:\/\/www.frau-shanti.de\/index.php?rest_route=\/wp\/v2\/pages\/2343"}],"collection":[{"href":"https:\/\/www.frau-shanti.de\/index.php?rest_route=\/wp\/v2\/pages"}],"about":[{"href":"https:\/\/www.frau-shanti.de\/index.php?rest_route=\/wp\/v2\/types\/page"}],"author":[{"embeddable":true,"href":"https:\/\/www.frau-shanti.de\/index.php?rest_route=\/wp\/v2\/users\/1"}],"replies":[{"embeddable":true,"href":"https:\/\/www.frau-shanti.de\/index.php?rest_route=%2Fwp%2Fv2%2Fcomments&post=2343"}],"version-history":[{"count":145,"href":"https:\/\/www.frau-shanti.de\/index.php?rest_route=\/wp\/v2\/pages\/2343\/revisions"}],"predecessor-version":[{"id":3759,"href":"https:\/\/www.frau-shanti.de\/index.php?rest_route=\/wp\/v2\/pages\/2343\/revisions\/3759"}],"wp:attachment":[{"href":"https:\/\/www.frau-shanti.de\/index.php?rest_route=%2Fwp%2Fv2%2Fmedia&parent=2343"}],"curies":[{"name":"wp","href":"https:\/\/api.w.org\/{rel}","templated":true}]}}