{"id":63,"date":"2012-01-08T14:55:19","date_gmt":"2012-01-08T14:55:19","guid":{"rendered":"http:\/\/frau-shanti.de\/?page_id=63"},"modified":"2025-07-18T15:23:58","modified_gmt":"2025-07-18T14:23:58","slug":"kontakt","status":"publish","type":"page","link":"https:\/\/www.frau-shanti.de\/?page_id=63","title":{"rendered":"Kontakt"},"content":{"rendered":"<p>Bei Fragen oder Anregungen kannst Du mich sehr gerne kontaktieren.<\/p>\n<p>Du bist jederzeit herzlich willkommen!<\/p>\n<hr \/>\n<p><span style=\"color: #000000;\">FRAU SHANTI aka Nadja Sch\u00e4fholz-Wetter<\/span><\/p>\n<p>zertifizierte Entspannungstrainerin (BYVG)<\/p>\n<p>\u00e4rztlich gepr\u00fcfte Yogalehrerin (BDY)<\/p>\n<p>Ayurveda Health Practicioner<\/p>\n<p>Schamanische Praktikerin (Core-Schamanismus)<\/p>\n<p>Buch-Autorin<\/p>\n<hr \/>\n<p>Mobil:\u00a0\u00a0 <span style=\"color: #ff00ff;\">+49 (0)170 9666 416<\/span><\/p>\n<p>e-mail:\u00a0 <a href=\"mailto:info@frau-shanti.de\"><span style=\"color: #ff0000;\"><span style=\"color: #ff00ff;\">info@frau-shanti.de<\/span><\/span><\/a><\/p>\n<p>Website: <span style=\"color: #ff00ff;\"><a style=\"color: #ff00ff;\" href=\"http:\/\/www.frau-shanti.de\">www.frau-shanti.de<\/a><\/span><\/p>\n<p>Facebook: <a href=\"http:\/\/de-de.facebook.com\/FrauShanti\" target=\"_blank\" rel=\"noopener noreferrer\"><span style=\"color: #ff0000;\"><span style=\"color: #ff00ff;\">http:\/\/de-de.facebook.com\/FrauShanti<\/span><\/span><\/a><br \/>\nInstagram: <a href=\"https:\/\/www.instagram.com\/fraushanti\/\"><span style=\"color: #ff0000;\"><span style=\"color: #ff00ff;\">https:\/\/www.instagram.com\/fraushanti\/<\/span><\/span><\/a><\/p>\n<p>FRAU SHANTI freut sich auf Dich.<\/p>\n","protected":false},"excerpt":{"rendered":"<p>Bei Fragen oder Anregungen kannst Du mich sehr gerne kontaktieren. Du bist jederzeit herzlich willkommen! FRAU SHANTI aka Nadja Sch\u00e4fholz-Wetter zertifizierte Entspannungstrainerin (BYVG) \u00e4rztlich gepr\u00fcfte Yogalehrerin (BDY) Ayurveda Health Practicioner Schamanische Praktikerin (Core-Schamanismus) Buch-Autorin Mobil:\u00a0\u00a0 +49 (0)170 9666 416 e-mail:\u00a0 info@frau-shanti.de Website: www.frau-shanti.de Facebook: http:\/\/de-de.facebook.com\/FrauShanti Instagram: https:\/\/www.instagram.com\/fraushanti\/ FRAU SHANTI freut sich auf Dich.<\/p>\n","protected":false},"author":1,"featured_media":0,"parent":0,"menu_order":-5,"comment_status":"open","ping_status":"open","template":"","meta":[],"_links":{"self":[{"href":"https:\/\/www.frau-shanti.de\/index.php?rest_route=\/wp\/v2\/pages\/63"}],"collection":[{"href":"https:\/\/www.frau-shanti.de\/index.php?rest_route=\/wp\/v2\/pages"}],"about":[{"href":"https:\/\/www.frau-shanti.de\/index.php?rest_route=\/wp\/v2\/types\/page"}],"author":[{"embeddable":true,"href":"https:\/\/www.frau-shanti.de\/index.php?rest_route=\/wp\/v2\/users\/1"}],"replies":[{"embeddable":true,"href":"https:\/\/www.frau-shanti.de\/index.php?rest_route=%2Fwp%2Fv2%2Fcomments&post=63"}],"version-history":[{"count":37,"href":"https:\/\/www.frau-shanti.de\/index.php?rest_route=\/wp\/v2\/pages\/63\/revisions"}],"predecessor-version":[{"id":3751,"href":"https:\/\/www.frau-shanti.de\/index.php?rest_route=\/wp\/v2\/pages\/63\/revisions\/3751"}],"wp:attachment":[{"href":"https:\/\/www.frau-shanti.de\/index.php?rest_route=%2Fwp%2Fv2%2Fmedia&parent=63"}],"curies":[{"name":"wp","href":"https:\/\/api.w.org\/{rel}","templated":true}]}}